 = -2*j - 5*f. Suppose -j*w + 5*w = -220. List the prime factors of w.
2, 11
Let t be (-4)/3*(-8 + -214). Suppose 0 = 4*n - j - 2*j - 272, t = 4*n + 3*j. What are the prime factors of n?
71
Suppose -4*l - 2*y = -7 + 3, -5*l = 5*y - 15. Suppose 5*r = 5*x - 25, 0*r - 3*r - 3 = 3*x. List the prime factors of x - (l - 0) - -19.
2, 11
Let u(x) = 1053*x - 12. Let h(q) = 81*q - 1. Let j(l) = -27*h(l) + 2*u(l). What are the prime factors of j(-1)?
2, 3, 7
Suppose -11*j + 6*j - r = -441, 0 = 3*j + 2*r - 266. Suppose 828 = 94*y - j*y. List the prime factors of y.
2, 3, 23
Let u(p) be the first derivative of -p**2/2 + 12*p + 9. Let c be u(7). Let z = 1 + c. List the prime factors of z.
2, 3
Suppose -3*a + 672 - 147 = 0. Suppose 0 = 9*l - 4*l - a. List the prime factors of l.
5, 7
Let i = -14 + 11. Let d = 31 - i. List the prime factors of d.
2, 17
Suppose -5*n + 5*s + 1580 = 0, 0 = 2*n - s - 2*s - 636. Suppose -2*j = 4*r - 606, 4*r + 5*j + n - 909 = 0. What are the prime factors of r?
3, 17
Suppose 2*c - 2 - 2 = 0. Let u be (-8)/(c/((-6)/3)). Let a(w) = 4*w - 12. What are the prime factors of a(u)?
2, 5
Suppose 3*s + 8 = 5*s. Suppose s*q - 6 = -2*k, 5*k = k - 5*q + 3. Let z = 23 + k. List the prime factors of z.
2, 5
Suppose 0 = 4*w + k - 1146, 6*k = -2*w + 2*k + 566. List the prime factors of w.
7, 41
Suppose -4*g - 4*b + 0*b + 308 = 0, -4*b = -g + 77. Let v(f) = -2*f**2 - 82*f + 7 + g*f + 3*f**2. What are the prime factors of v(-5)?
3, 19
Let z(c) = 5*c**2 - 41*c - 32. What are the prime factors of z(-14)?
2, 761
Let o(c) = 22*c + 82. What are the prime factors of o(10)?
2, 151
What are the prime factors of (-2822)/(-6) - 1/3?
2, 5, 47
Suppose -3*y = 2*o - 3308, -4*y + 0*y = -5*o - 4426. Suppose -31*t - y = -37*t. List the prime factors of t.
2, 23
What are the prime factors of ((-1179)/(-18) - 8)/((-1)/(-4))?
2, 5, 23
Suppose 19*u = 9*u + 21450. What are the prime factors of u?
3, 5, 11, 13
Let v = -711 - -1582. List the prime factors of v.
13, 67
Let n(c) = -c**3 - 20*c**2 + 33*c + 33. What are the prime factors of n(-22)?
5, 11
Let j(a) = -67*a - 126. What are the prime factors of j(-8)?
2, 5, 41
Suppose z + 5*s - 8 = 11, 0 = -z + 5*s - 31. Let u be ((-4186)/21)/(4/z). List the prime factors of u/115*(6 + -1).
13
Let r = 1252 + -694. Let x = r - 349. List the prime factors of x.
11, 19
Suppose 4*z + 968 = -2*t + 17684, -5*t = 4*z - 16704. What are the prime factors of z?
37, 113
Suppose -3*x + 2*o + 19 = 4*o, 0 = -2*x + 4*o + 2. Suppose 0 = z + 5*y - 76, -4*z + 0*y + 244 = x*y. List the prime factors of z.
2, 7
Let m be (-1)/(12/35 - (-3)/(-15)). What are the prime factors of m - -9 - (-2)/((-6)/(-681))?
229
Let p(o) = o**2 + 12*o + 16. Let s(b) = -3*b + 0*b - 4*b**3 + 3*b**3 + b + 1. Let r be s(2). List the prime factors of p(r).
5
Let r(b) = -2*b**3 - 18*b**2 + 12*b - 1. Let i be r(-10). Let a = i + -70. List the prime factors of a.
3
Let x(a) = -a**3 + 5*a**2 - 7. Suppose 2*v = -7*v - 27. List the prime factors of x(v).
5, 13
List the prime factors of ((-134)/(-5))/((-14)/(-210)).
2, 3, 67
Let g(u) = 37*u**3 + u**2 - u + 1. Let a = 24 + -23. List the prime factors of g(a).
2, 19
Let m = -26 + 30. Suppose -m*x - x = -15. Suppose 4*p - x*p = 47. What are the prime factors of p?
47
Suppose 0 = 6*w - 7*w + 1921. What are the prime factors of w?
17, 113
Suppose 0 = -13*a + 23*a - 290. Suppose 7*c - 4*c + 2*q - 44 = 0, 0 = -2*c + 2*q + 46. Let z = a - c. List the prime factors of z.
11
Let q(l) = l**2 + 7*l + 14. Let i be q(-4). Suppose i*o - 10 = 0, -4*k + 3*o - 224 = -1025. What are the prime factors of k?
2, 3, 17
What are the prime factors of 41 + -45 + 2/(2/453)?
449
Suppose 3*o + 71 = 452. Let p = o - 58. Suppose -4*s + p = -s. List the prime factors of s.
23
Suppose -x - 2462 = -w, -27*w = -31*w - 2*x + 9842. List the prime factors of w.
23, 107
Let r(j) = -j**3 + 3*j**2 + 2. Let x be r(3). Suppose x*b = 128 + 4. Suppose -2*l + b = 24. What are the prime factors of l?
3, 7
Let o be 3 - ((-21)/(-18) + (-2)/12). Suppose -1 + 4 = 3*i. What are the prime factors of (i/o)/((-6)/(-72))?
2, 3
Suppose 720 = 4*k + c, 6*k = k + 4*c + 900. Suppose d - k = -5*y, 25 = -2*d - 3*d. What are the prime factors of y?
37
Suppose -2*v - 4*u - 5 = 11, -v + 3*u = -12. Let l be (3 - 2) + 0 - -1. Suppose 0 = -v*m + l*m - 128. List the prime factors of m.
2
Let u(s) = 2*s**2 - 8*s - 20. Let f be u(10). What are the prime factors of (18/15)/(((-21)/f)/(-7))?
2, 5
Let i(c) = -96*c - 22. What are the prime factors of i(-6)?
2, 277
Suppose -49*l + 11341 = -120371. List the prime factors of l.
2, 3, 7
List the prime factors of (-76080)/200*(3 - 38/6).
2, 317
Let t(j) = j**3 + 2*j**2 - 10*j - 11. What are the prime factors of t(4)?
3, 5
Suppose 2*a - s + 4 = 41, 2*s - 38 = -3*a. Suppose u = 2*q - 43, q - 3*u = 3 + a. What are the prime factors of q?
2, 11
Let j = 1898 - -2191. What are the prime factors of j?
3, 29, 47
Let v(n) = -n**3 + 4 + 3*n - 11 + 2*n**3 + 4*n**2. Let a be v(-4). Let y = a + 31. What are the prime factors of y?
2, 3
Let g(a) = a**3 + 19*a**2 + 2*a - 51. List the prime factors of g(-18).
3, 79
Suppose 680 = 9*w + w. What are the prime factors of w?
2, 17
Let f = -19 - -1. Let i = f - -7. Let c = 52 + i. List the prime factors of c.
41
Suppose -3*p - 21 + 18 = 0. List the prime factors of 10570/34 - ((-114)/102 - p).
311
Let v = 22 + -19. Suppose 4*r = 5*n - 548, -v*r = -5*n + 68 + 343. List the prime factors of r/(-3) - (-10)/(-15).
3, 5
Suppose 3*l - 6 = -3*k, 2*k + 2*l - 4 = -3*l. Let x be (1 + 1*-1)/2. Suppose 45 = t + 4*s, k*t + x*s - 69 = -s. What are the prime factors of t?
3, 11
Let s = 8 - 5. Let j be (3 - (-234)/s)*1. Let k = j + -56. List the prime factors of k.
5
Suppose 4*n = -4*u + 20, -7*u + 16 = -4*n - 2*u. Let a(l) = 2 - 6*l + 4 - n. List the prime factors of a(-6).
41
What are the prime factors of 2/2 - -16*(-244)/(-8)?
3, 163
Let r(y) be the third derivative of y**6/48 - 3*y**5/40 + 3*y**4/8 - 4*y**2. Let t(j) be the second derivative of r(j). What are the prime factors of t(3)?
2, 3
Suppose 36*l = 105580 + 32516. List the prime factors of l.
2, 7, 137
Suppose 0 = 4*c - 7 + 71. Let s be (45/(-4))/(4/c). List the prime factors of s/(-2)*(-12)/10.
3
Let b(p) = -2*p**3 + 8*p**2 + 14*p + 2. Let s be b(-3). Suppose -s*o = -84*o - 512. List the prime factors of o.
2
Suppose -336*f - 1572 = -340*f. List the prime factors of f.
3, 131
Let j(o) = -2*o + 12. Let d be j(4). Let z be ((0 - -8) + d)*12. Suppose -5*g + z = -101. List the prime factors of g.
7
Let p(f) = 2*f - 8. Let m be p(6). Suppose 0 = -2*x + 12 - m. List the prime factors of x/((-16)/(-12)) + 20.
23
Let j(l) = -l**3 + 26*l**2 + 9*l. What are the prime factors of j(26)?
2, 3, 13
Suppose -h - 5*y + 26 = 2*h, -3*h - 4*y + 22 = 0. Let k be (-129)/h*32/(-24). List the prime factors of (-26)/(-65) - k/(-10).
3
Let x(r) be the second derivative of -r**5/20 - 2*r**4/3 + r**3/3 - 9*r**2/2 + 22*r. List the prime factors of x(-9).
2, 3
Suppose -31*t + 1288 = -27*t. List the prime factors of t.
2, 7, 23
Let b(p) = -p**3 + 23. Let w = 24 + -24. Suppose w*l = 3*l. List the prime factors of b(l).
23
Suppose 155*p - 157*p + 1476 = 0. What are the prime factors of p?
2, 3, 41
Let g be (-6)/18 - 67/(-3). Let j = g + -14. List the prime factors of (j/3)/(2/3).
2
What are the prime factors of 1682 + ((-1)/7)/(32/(-224))?
3, 11, 17
Let k = 7 + -15. Let t(d) = 3*d**2 + 10*d - 16. List the prime factors of t(k).
2, 3
Let r = 7346 + -3743. List the prime factors of r.
3, 1201
Let j be (-32)/12*60/(-16). Let k = j + -7. Suppose -k*w = -2*w - 2. What are the prime factors of w?
2
Let n(a) = -10*a**3 - 4*a**2 - 6*a - 4. Suppose 7*b - 3*b + 11 = 3*g, -3*b + g - 7 = 0. What are the prime factors of n(b)?
2, 3
Suppose -2*n = -d - 0*n + 351, 336 = d + 3*n. Suppose 0 = -4*c + d - 93. What are the prime factors of c?
3, 7
Suppose 0 = 2*o + 582 - 2048. List the prime factors of o.
733
Suppose -2*a + 8776 = 2*n, 175*a + 3*n = 179*a - 17559. What are the prime factors of a?
3, 7, 11, 19
Let s(b) = -b**2 + 4*b + 7. Let p be s(5). Let o be 3 - ((-4)/(-1))/p. What are the prime factors of -2*o/(-2)*21?
3, 7
Let h(s) = -4*s + 9. Let d be h(4). Let t = d - -9. Suppose -t*u + 231 = 5*p + 2*u, 3*p = -2*u + 137. List t